he highest common factor of 6448 and 2825030.
806
What is the greatest common divisor of 104 and 8801?
13
What is the greatest common factor of 380574 and 144?
18
What is the highest common factor of 6094 and 118556?
554
Calculate the greatest common factor of 102 and 2958.
102
Calculate the highest common factor of 432278 and 44.
22
Calculate the greatest common factor of 76466 and 10166.
442
Calculate the greatest common factor of 82 and 29446.
2
What is the highest common divisor of 2005 and 255?
5
Calculate the highest common divisor of 467355 and 399.
21
What is the highest common factor of 1341 and 386059?
149
What is the highest common factor of 11034 and 101758?
1226
What is the highest common divisor of 5 and 7110?
5
What is the highest common factor of 86325 and 150?
75
Calculate the highest common factor of 10444 and 2100.
28
What is the greatest common factor of 834 and 2163?
3
Calculate the greatest common divisor of 99 and 11121.
33
What is the greatest common divisor of 265496 and 1276?
44
Calculate the greatest common divisor of 174 and 31.
1
Calculate the highest common factor of 188478 and 4662.
666
Calculate the greatest common divisor of 874 and 4579.
19
Calculate the greatest common divisor of 41107 and 67771.
1111
Calculate the highest common factor of 53 and 61003.
53
What is the highest common divisor of 1266 and 2862?
6
What is the highest common divisor of 2226 and 181356?
42
What is the highest common factor of 196359 and 111?
111
What is the highest common divisor of 367650 and 1368?
342
Calculate the highest common factor of 537784 and 91.
13
Calculate the greatest common divisor of 1425625 and 625.
625
Calculate the highest common factor of 330 and 93390.
330
Calculate the highest common divisor of 108 and 169992.
108
What is the greatest common divisor of 147775 and 1542?
257
Calculate the highest common factor of 13352 and 2415043.
1669
Calculate the greatest common factor of 14 and 85736.
14
What is the highest common divisor of 768 and 2916?
12
What is the highest common divisor of 1287 and 7167303?
1287
Calculate the greatest common divisor of 399625 and 713.
23
Calculate the highest common factor of 14016 and 294774.
438
What is the highest common divisor of 182 and 70560?
14
Calculate the highest common factor of 2968 and 6496.
56
Calculate the greatest common factor of 124 and 232004.
124
Calculate the highest common divisor of 43362 and 729.
27
What is the highest common divisor of 2385 and 265?
265
What is the highest common divisor of 1062 and 42678?
18
What is the highest common divisor of 16327 and 957?
29
What is the highest common factor of 54 and 2512?
2
What is the greatest common factor of 1170 and 882?
18
What is the greatest common factor of 2555 and 2310?
35
Calculate the highest common divisor of 23347 and 629.
37
What is the highest common factor of 350955 and 990?
495
What is the highest common divisor of 17751 and 16287?
183
What is the greatest common divisor of 5 and 6785005?
5
What is the highest common divisor of 39584 and 20?
4
Calculate the greatest common divisor of 2512 and 2096.
16
What is the highest common factor of 35336 and 238?
14
What is the greatest common factor of 1025 and 3200?
25
Calculate the highest common divisor of 3265820 and 20.
20
Calculate the greatest common divisor of 187 and 539.
11
What is the greatest common divisor of 1969225 and 100?
25
What is the greatest common divisor of 1014 and 75192?
78
Calculate the greatest common divisor of 24297 and 76629.
1869
Calculate the highest common divisor of 351 and 59904.
117
Calculate the highest common factor of 30072 and 8904.
168
What is the highest common divisor of 322 and 8536?
2
Calculate the greatest common factor of 8475 and 1350.
75
What is the greatest common divisor of 30345 and 3655?
85
Calculate the highest common factor of 18 and 224136.
18
What is the greatest common divisor of 63333 and 12712?
227
Calculate the highest common divisor of 210 and 78.
6
What is the greatest common divisor of 659293 and 24456?
1019
What is the greatest common factor of 50122 and 646?
38
What is the greatest common divisor of 216107 and 1?
1
What is the greatest common divisor of 74980 and 30?
10
Calculate the highest common divisor of 255 and 38352.
51
Calculate the greatest common divisor of 46 and 178.
2
What is the greatest common divisor of 224 and 778736?
112
Calculate the highest common divisor of 266 and 938.
14
What is the greatest common factor of 7242 and 6936?
102
Calculate the highest common divisor of 639213 and 284.
71
What is the greatest common factor of 105 and 21770?
35
What is the greatest common factor of 12384 and 318544?
688
What is the greatest common divisor of 2051722 and 246?
82
What is the greatest common divisor of 42 and 129654?
42
Calculate the highest common factor of 1248 and 52026.
78
Calculate the greatest common divisor of 3811 and 15347.
103
What is the greatest common factor of 5 and 5814?
1
Calculate the greatest common factor of 3569 and 34943.
83
Calculate the highest common factor of 105245 and 18011.
217
What is the highest common factor of 106680 and 8400?
840
Calculate the highest common divisor of 1792 and 560.
112
What is the highest common factor of 49377 and 3597?
327
Calculate the highest common factor of 22652 and 28.
28
Calculate the highest common divisor of 432952 and 26.
26
Calculate the highest common divisor of 612527 and 263.
263
Calculate the greatest common factor of 145010 and 935.
85
What is the greatest common divisor of 2246834 and 24398?
2218
Calculate the highest common factor of 2509 and 18525.
13
What is the highest common divisor of 76096 and 116?
116
Calculate the greatest common factor of 2640 and 2480280.
1320
Calculate the greatest common factor of 1694 and 21406.
154
Calculate the highest common factor of 15680 and 384.
64
What is the highest common factor of 319 and 26535?
29
Calculate the highest common factor of 1424 and 108402.
178
Calculate the highest common divisor of 594 and 148038.
66
What is the highest common divisor of 387 and 77873?
43
Calculate the greatest common divisor of 44 and 92136.
44
Calculate the greatest common factor of 126 and 961236.
18
What is the highest common factor of 45 and 8359065?
45
What is the highest common factor of 262 and 433217?
131
What is the highest common divisor of 68 and 2130406?
34
What is the highest common divisor of 200 and 13610?
10
What is the greatest common divisor of 224 and 27496?
56
Calculate the highest common divisor of 160 and 17620.
20
Calculate the greatest common factor of 69 and 525757.
23
Calculate the highest common factor of 20591 and 3127.
59
Calculate the highest common factor of 35972 and 23851.
391
Calculate the greatest common factor of 11230 and 4577348.
2246
Calculate the greatest common factor of 812845 and 11.
11
Calculate the greatest common divisor of 750 and 1420.
10
Calculate the greatest common divisor of 587384 and 3808.
952
Calculate the highest common factor of 826 and 8604442.
826
Calculate the highest common divisor of 1141684 and 12.
4
What is the highest common factor of 83731 and 31?
31
Calculate the highest common factor of 126 and 344106.
126
What is the greatest common divisor of 187 and 4653?
11
What is the greatest common factor of 20 and 317180?
20
What is the greatest common factor of 120 and 11670?
30
Calculate the highest common divisor of 6966 and 3159.
81
Calculate the greatest common factor of 1027 and 115735.
79
Calculate the highest common factor of 4312 and 2882.
22
Calculate the highest common factor of 16985 and 215.
215
What is the greatest common divisor of 190 and 88730?
190
Calculate the greatest common factor of 391 and 9707.
17
What is the greatest common factor of 59 and 58823?
59
What is the highest common factor of 91 and 553?
7
What is the highest common divisor of 13603 and 35011?
223
Calculate the highest common factor of 4480301 and 7.
7
What is the highest common divisor of 7035422 and 1306?
1306
Calculate the highest common factor of 5 and 8056.
1
What is the greatest common divisor of 25792 and 8?
8
What is the greatest common divisor of 140 and 14266?
14
What is the highest common divisor of 8903880 and 18?
18
What is the